{"id":104376,"date":"2023-09-07T10:57:07","date_gmt":"2023-09-07T08:57:07","guid":{"rendered":"https:\/\/ggwsf.org\/wordpress\/?page_id=104376"},"modified":"2026-01-19T14:42:18","modified_gmt":"2026-01-19T13:42:18","slug":"foerderverein","status":"publish","type":"page","link":"https:\/\/ggwsf.org\/wordpress\/foerderverein\/","title":{"rendered":"F\u00f6rderverein"},"content":{"rendered":"<p><img loading=\"lazy\" decoding=\"async\" class=\"size-medium wp-image-104377 alignright\" src=\"https:\/\/ggwsf.org\/wordpress\/wp-content\/uploads\/2023\/09\/IMG_8333-300x265.jpeg\" alt=\"\" width=\"300\" height=\"265\" srcset=\"https:\/\/ggwsf.org\/wordpress\/wp-content\/uploads\/2023\/09\/IMG_8333-300x265.jpeg 300w, https:\/\/ggwsf.org\/wordpress\/wp-content\/uploads\/2023\/09\/IMG_8333-1024x905.jpeg 1024w, https:\/\/ggwsf.org\/wordpress\/wp-content\/uploads\/2023\/09\/IMG_8333-768x679.jpeg 768w, https:\/\/ggwsf.org\/wordpress\/wp-content\/uploads\/2023\/09\/IMG_8333.jpeg 1202w\" sizes=\"auto, (max-width: 300px) 100vw, 300px\" \/><\/p>\n<p>Liebe Vereinsmitglieder und Freunde des Goethegymnasiums<br \/>\n&nbsp;<\/p>\n<h4>Aktuelle Informationen \u2013 Stand Januar 2026<\/h4>\n<p><b>\u201eFreunde des Goethegymnasiums e.V.\u201c<\/b><\/p>\n<p>Der F\u00f6rderverein des Goethegymnasiums blickt auf ein ereignisreiches Jahr 2025 zur\u00fcck.<\/p>\n<p>An dieser Stelle ist bereits davon berichtet worden, welche Projekte und welche Sch\u00fclerinnen und Sch\u00fcler unterst\u00fctzt wurden.<\/p>\n<p>Im Herbst des Jahres stand aber die Umsetzung eines besonders gro\u00dfen Projekts im Mittelpunkt aller Bem\u00fchungen um gute Lern- und Arbeitsbedingungen. Der Vorstand des Vereins hatte beschlossen, das Haus 2 mit erheblichen finanziellen Mitteln zu unterst\u00fctzen, damit der Speiseraum so hergerichtet werden kann, dass sich die Sch\u00fclerinnen und Sch\u00fcler der Klassenstufen 5-7 hier nicht nur zur Essenseinnahme wohlf\u00fchlen. Die Umsetzung der Ideen von Christel Gei\u00dfler (Leiterin Haus 2 und Vereinsmitglied) erfolgte in den Herbstferien mit der malerm\u00e4\u00dfigen Neugestaltung durch die \u201eWei\u00dfenfelser Maler\u201c, der Anschaffung von Ranzenregalen, dem Kauf von Blument\u00f6pfen und Bildern. Ein im November durchgef\u00fchrtes Benefizkonzert durch Talente unserer Schule brachte die beachtliche Summe von 2150 Euro ein, die ebenfalls in dieses Projekt floss. Die noch anzubringenden Akustikpaneele lassen dann den Speiseraum mit der neuen Essenstheke in vollem Glanz erstrahlen. Hier sei schon einmal den Hausmeistern gedankt, die tatkr\u00e4ftig helfen, Tr\u00e4ume wahr werden zu lassen.<\/p>\n<p>Die Mitgliederversammlung im November zeigte, dass die Werbung um neue Mitglieder des Vereins erste Fr\u00fcchte trug.<\/p>\n<p>Wenn Sie , liebe Leser dieser Zeilen, \u00fcberlegen, selbst unserem Verein beizutreten, dann f\u00fcllen Sie gerne das hier hinterlegte Formular aus und schicken es an die Schule. Wir freuen uns \u00fcber jedes neue Mitglied, das unsere Arbeit unterst\u00fctzt und der Schule Gutes tut.<\/p>\n<p>Im Namen des Vorstandes<\/p>\n<p>Sabine Scherf<\/p>\n<p>Vorstandsvorsitzende<\/p>\n<p><strong>Der F\u00f6rderverein zeichnet die besten Abiturienten im Schuljahr 2024\/25 aus<\/strong><\/p>\n<p>Am 27.Juni 2025 erhielten die Absolventen des Jahrgangs\u00a0 2024\/25 ihre Reifezeugnisse. Aus diesem Anlass \u00fcberreichte der F\u00f6rderverein den f\u00fcnf Besten einen Einkaufsgutschein des Burgenlandkreises zu je 75 Euro. Au\u00dferdem wurde erstmalig ein Sonderpreis f\u00fcr die sichtbarste pers\u00f6nliche Entwicklung vergeben.<\/p>\n<p>Ausgezeichnet wurden: (von links nach rechts)<\/p>\n<p>Anna Strohschein<br \/>\nBen Klapetz<br \/>\nAlina Krause (Jahrgangsbeste mit einem Durchschnitt von 1,0)<br \/>\nMara Najasek<br \/>\nHannes Gast<\/p>\n<p><img loading=\"lazy\" decoding=\"async\" class=\"alignnone size-medium wp-image-104653\" src=\"https:\/\/ggwsf.org\/wordpress\/wp-content\/uploads\/2025\/08\/IMG_8976-300x225.jpeg\" alt=\"\" width=\"300\" height=\"225\" srcset=\"https:\/\/ggwsf.org\/wordpress\/wp-content\/uploads\/2025\/08\/IMG_8976-300x225.jpeg 300w, https:\/\/ggwsf.org\/wordpress\/wp-content\/uploads\/2025\/08\/IMG_8976-768x576.jpeg 768w, https:\/\/ggwsf.org\/wordpress\/wp-content\/uploads\/2025\/08\/IMG_8976.jpeg 818w\" sizes=\"auto, (max-width: 300px) 100vw, 300px\" \/><\/p>\n<p>Den Sonderpreis erhielt Yannick Schmidt<\/p>\n<p><img loading=\"lazy\" decoding=\"async\" class=\"alignnone size-medium wp-image-104654\" src=\"https:\/\/ggwsf.org\/wordpress\/wp-content\/uploads\/2025\/08\/IMG_8977-300x225.jpeg\" alt=\"\" width=\"300\" height=\"225\" srcset=\"https:\/\/ggwsf.org\/wordpress\/wp-content\/uploads\/2025\/08\/IMG_8977-300x225.jpeg 300w, https:\/\/ggwsf.org\/wordpress\/wp-content\/uploads\/2025\/08\/IMG_8977-768x575.jpeg 768w, https:\/\/ggwsf.org\/wordpress\/wp-content\/uploads\/2025\/08\/IMG_8977.jpeg 812w\" sizes=\"auto, (max-width: 300px) 100vw, 300px\" \/><\/p>\n<p>&nbsp;<\/p>\n<p>Der Verein konnte im Schuljahr 2023\/24 folgende Projekte und Aktivit\u00e4ten unterst\u00fctzen oder Auszeichnungen vornehmen:<\/p>\n<p><img loading=\"lazy\" decoding=\"async\" class=\"wp-image-104521 size-thumbnail alignright\" src=\"https:\/\/ggwsf.org\/wordpress\/wp-content\/uploads\/2024\/09\/IMG_8835-150x150.jpeg\" alt=\"\" width=\"150\" height=\"150\" \/>-den Sponsorenlauf, welcher durch den Sch\u00fclerrat organisiert wurde und beachtenswerte 15.000 Euro einbrachte<\/p>\n<p>&nbsp;<\/p>\n<p>&nbsp;<\/p>\n<p><img loading=\"lazy\" decoding=\"async\" class=\"wp-image-104522 size-thumbnail alignright\" src=\"https:\/\/ggwsf.org\/wordpress\/wp-content\/uploads\/2024\/09\/IMG_8833-150x150.jpeg\" alt=\"\" width=\"150\" height=\"150\" srcset=\"https:\/\/ggwsf.org\/wordpress\/wp-content\/uploads\/2024\/09\/IMG_8833-150x150.jpeg 150w, https:\/\/ggwsf.org\/wordpress\/wp-content\/uploads\/2024\/09\/IMG_8833-300x300.jpeg 300w, https:\/\/ggwsf.org\/wordpress\/wp-content\/uploads\/2024\/09\/IMG_8833-1024x1024.jpeg 1024w, https:\/\/ggwsf.org\/wordpress\/wp-content\/uploads\/2024\/09\/IMG_8833-768x768.jpeg 768w, https:\/\/ggwsf.org\/wordpress\/wp-content\/uploads\/2024\/09\/IMG_8833-1536x1536.jpeg 1536w, https:\/\/ggwsf.org\/wordpress\/wp-content\/uploads\/2024\/09\/IMG_8833.jpeg 2048w\" sizes=\"auto, (max-width: 150px) 100vw, 150px\" \/>&#8211; die Weihnachtsvorlesung Chemie der Chemie AG mit 1500 Euro zur \u00a0Anschaffung und Bef\u00fcllung eines Tanks mit fl\u00fcssigem Stickstoff<\/p>\n<p>&nbsp;<\/p>\n<p>&nbsp;<\/p>\n<p><img loading=\"lazy\" decoding=\"async\" class=\"wp-image-104523 size-thumbnail alignright\" src=\"https:\/\/ggwsf.org\/wordpress\/wp-content\/uploads\/2024\/09\/IMG_8834-150x150.jpeg\" alt=\"\" width=\"150\" height=\"150\" srcset=\"https:\/\/ggwsf.org\/wordpress\/wp-content\/uploads\/2024\/09\/IMG_8834-150x150.jpeg 150w, https:\/\/ggwsf.org\/wordpress\/wp-content\/uploads\/2024\/09\/IMG_8834-300x300.jpeg 300w, https:\/\/ggwsf.org\/wordpress\/wp-content\/uploads\/2024\/09\/IMG_8834-1024x1024.jpeg 1024w, https:\/\/ggwsf.org\/wordpress\/wp-content\/uploads\/2024\/09\/IMG_8834-768x768.jpeg 768w, https:\/\/ggwsf.org\/wordpress\/wp-content\/uploads\/2024\/09\/IMG_8834-1536x1536.jpeg 1536w, https:\/\/ggwsf.org\/wordpress\/wp-content\/uploads\/2024\/09\/IMG_8834.jpeg 2048w\" sizes=\"auto, (max-width: 150px) 100vw, 150px\" \/>&#8211; die Teilnahme der Sch\u00fcler beim Bundesfinale \u201eJugend trainiert f\u00fcr Olympia\u201c in der Sportart Floorball im Umfang von 2736 Euro<\/p>\n<p>&nbsp;<\/p>\n<p>&nbsp;<\/p>\n<p>&#8211; die Auszeichnung von f\u00fcnf Abiturienten mit einem Abiturdurchschnitt von 1,0 sowie eine Sch\u00fclerin mit einem Abiturdurchschnitt von 1,1 mit je 50\u20ac und die Auszeichnung von zwei Sch\u00fclern f\u00fcr hervorragendes soziales Engagement w\u00e4hrend der Schulzeit mit zwei Sonderpreisen mit je 100\u20ac<\/p>\n<p>&#8211;<span data-teams=\"true\">Stolz pr\u00e4sentieren sich die Mitglieder der Rhythmusgruppe des Goethegymnasiums unter Leitung von Edwina Teichert in ihren neuen Jacken, deren Anschaffung durch den F\u00f6rderverein finanziell unterst\u00fctzt wurde. (M\u00e4rz 2025)<\/span><\/p>\n<p><img loading=\"lazy\" decoding=\"async\" class=\"alignnone size-medium wp-image-104632\" src=\"https:\/\/ggwsf.org\/wordpress\/wp-content\/uploads\/2025\/05\/Rhythmusgruppe-300x154.jpg\" alt=\"\" width=\"300\" height=\"154\" srcset=\"https:\/\/ggwsf.org\/wordpress\/wp-content\/uploads\/2025\/05\/Rhythmusgruppe-300x154.jpg 300w, https:\/\/ggwsf.org\/wordpress\/wp-content\/uploads\/2025\/05\/Rhythmusgruppe-1024x527.jpg 1024w, https:\/\/ggwsf.org\/wordpress\/wp-content\/uploads\/2025\/05\/Rhythmusgruppe-768x395.jpg 768w, https:\/\/ggwsf.org\/wordpress\/wp-content\/uploads\/2025\/05\/Rhythmusgruppe-1536x791.jpg 1536w, https:\/\/ggwsf.org\/wordpress\/wp-content\/uploads\/2025\/05\/Rhythmusgruppe.jpg 2048w\" sizes=\"auto, (max-width: 300px) 100vw, 300px\" \/><\/p>\n<p>Im aktuellen Schuljahr freuen wir uns auf das Musical im Fr\u00fchjahr 2025 sowie auf weitere spannende Projekte und Arbeitsgemeinschaften der Sch\u00fcler und Lehrer, die wir gerne wieder unterst\u00fctzen m\u00f6chten.<\/p>\n<p>Wir bedanken uns bei unseren Mitgliedern f\u00fcr die regelm\u00e4\u00dfigen Beitragszahlungen und Spenden, ohne die diese F\u00f6rderung gar nicht m\u00f6glich w\u00e4re. Wir danken auch dem Sch\u00fclerrat f\u00fcr den st\u00e4ndigen Austausch, die Ideenfindung und die Umsetzung der Projekte.\u00a0 Unser Dank gilt besonders auch dem Kollegium und der Schulleitung, die den Sch\u00fclerrat unterst\u00fctzten und die Durchf\u00fchrung so m\u00f6glich machten.<\/p>\n<p>Der Vereinsvorstand<\/p>\n<p><a href=\"https:\/\/ggwsf.org\/wordpress\/wp-content\/uploads\/2023\/12\/Foerderantrag-FdGGWSF-1.pdf\">F\u00f6rderantrag FdGGWSF 1<\/a><\/p>\n<p><a href=\"https:\/\/ggwsf.org\/wordpress\/wp-content\/uploads\/2026\/01\/Beitrittsformular.pdf\">Antrag_Verein_neu<\/a><\/p>\n<p><a href=\"https:\/\/ggwsf.org\/wordpress\/wp-content\/uploads\/2026\/01\/Vereinssatzung-Version-202402.pdf\">Vereinssatzung 2024<\/a><\/p>\n","protected":false},"excerpt":{"rendered":"<p>Liebe Vereinsmitglieder und Freunde des Goethegymnasiums &nbsp; Aktuelle Informationen \u2013 Stand Januar 2026 \u201eFreunde des Goethegymnasiums e.V.\u201c Der F\u00f6rderverein des Goethegymnasiums blickt auf ein ereignisreiches Jahr 2025 zur\u00fcck. An dieser Stelle ist bereits davon berichtet worden, welche Projekte und welche Sch\u00fclerinnen und Sch\u00fcler unterst\u00fctzt wurden. Im Herbst des Jahres stand aber die Umsetzung eines besonders &hellip; <a href=\"https:\/\/ggwsf.org\/wordpress\/foerderverein\/\" class=\"more-link\"><span class=\"screen-reader-text\">F\u00f6rderverein<\/span> weiterlesen <span class=\"meta-nav\">&rarr;<\/span><\/a><\/p>\n","protected":false},"author":1361,"featured_media":0,"parent":0,"menu_order":0,"comment_status":"closed","ping_status":"closed","template":"","meta":{"footnotes":""},"class_list":["post-104376","page","type-page","status-publish","hentry"],"_links":{"self":[{"href":"https:\/\/ggwsf.org\/wordpress\/wp-json\/wp\/v2\/pages\/104376","targetHints":{"allow":["GET"]}}],"collection":[{"href":"https:\/\/ggwsf.org\/wordpress\/wp-json\/wp\/v2\/pages"}],"about":[{"href":"https:\/\/ggwsf.org\/wordpress\/wp-json\/wp\/v2\/types\/page"}],"author":[{"embeddable":true,"href":"https:\/\/ggwsf.org\/wordpress\/wp-json\/wp\/v2\/users\/1361"}],"replies":[{"embeddable":true,"href":"https:\/\/ggwsf.org\/wordpress\/wp-json\/wp\/v2\/comments?post=104376"}],"version-history":[{"count":22,"href":"https:\/\/ggwsf.org\/wordpress\/wp-json\/wp\/v2\/pages\/104376\/revisions"}],"predecessor-version":[{"id":104682,"href":"https:\/\/ggwsf.org\/wordpress\/wp-json\/wp\/v2\/pages\/104376\/revisions\/104682"}],"wp:attachment":[{"href":"https:\/\/ggwsf.org\/wordpress\/wp-json\/wp\/v2\/media?parent=104376"}],"curies":[{"name":"wp","href":"https:\/\/api.w.org\/{rel}","templated":true}]}}

Förderverein

<p><img loading="lazy" decoding="async" class="size-medium wp-image-104377 alignright" src="https://ggwsf.org/wordpress/wp-content/uploads/2023/09/IMG_8333-300x265.jpeg" alt="" width="300" height="265" srcset="https://ggwsf.org/wordpress/wp-content/uploads/2023/09/IMG_8333-300x265.jpeg 300w, https://ggwsf.org/wordpress/wp-content/uploads/2023/09/IMG_8333-1024x905.jpeg 1024w, https://ggwsf.org/wordpress/wp-content/uploads/2023/09/IMG_8333-768x679.jpeg 768w, https://ggwsf.org/wordpress/wp-content/uploads/2023/09/IMG_8333.jpeg 1202w" sizes="auto, (max-width: 300px) 100vw, 300px" /></p>
<p>Liebe Vereinsmitglieder und Freunde des Goethegymnasiums<br />
&nbsp;</p>
<h4>Aktuelle Informationen – Stand Januar 2026</h4>
<p><b>„Freunde des Goethegymnasiums e.V.“</b></p>
<p>Der Förderverein des Goethegymnasiums blickt auf ein ereignisreiches Jahr 2025 zurück.</p>
<p>An dieser Stelle ist bereits davon berichtet worden, welche Projekte und welche Schülerinnen und Schüler unterstützt wurden.</p>
<p>Im Herbst des Jahres stand aber die Umsetzung eines besonders großen Projekts im Mittelpunkt aller Bemühungen um gute Lern- und Arbeitsbedingungen. Der Vorstand des Vereins hatte beschlossen, das Haus 2 mit erheblichen finanziellen Mitteln zu unterstützen, damit der Speiseraum so hergerichtet werden kann, dass sich die Schülerinnen und Schüler der Klassenstufen 5-7 hier nicht nur zur Essenseinnahme wohlfühlen. Die Umsetzung der Ideen von Christel Geißler (Leiterin Haus 2 und Vereinsmitglied) erfolgte in den Herbstferien mit der malermäßigen Neugestaltung durch die „Weißenfelser Maler“, der Anschaffung von Ranzenregalen, dem Kauf von Blumentöpfen und Bildern. Ein im November durchgeführtes Benefizkonzert durch Talente unserer Schule brachte die beachtliche Summe von 2150 Euro ein, die ebenfalls in dieses Projekt floss. Die noch anzubringenden Akustikpaneele lassen dann den Speiseraum mit der neuen Essenstheke in vollem Glanz erstrahlen. Hier sei schon einmal den Hausmeistern gedankt, die tatkräftig helfen, Träume wahr werden zu lassen.</p>
<p>Die Mitgliederversammlung im November zeigte, dass die Werbung um neue Mitglieder des Vereins erste Früchte trug.</p>
<p>Wenn Sie , liebe Leser dieser Zeilen, überlegen, selbst unserem Verein beizutreten, dann füllen Sie gerne das hier hinterlegte Formular aus und schicken es an die Schule. Wir freuen uns über jedes neue Mitglied, das unsere Arbeit unterstützt und der Schule Gutes tut.</p>
<p>Im Namen des Vorstandes</p>
<p>Sabine Scherf</p>
<p>Vorstandsvorsitzende</p>
<p><strong>Der Förderverein zeichnet die besten Abiturienten im Schuljahr 2024/25 aus</strong></p>
<p>Am 27.Juni 2025 erhielten die Absolventen des Jahrgangs  2024/25 ihre Reifezeugnisse. Aus diesem Anlass überreichte der Förderverein den fünf Besten einen Einkaufsgutschein des Burgenlandkreises zu je 75 Euro. Außerdem wurde erstmalig ein Sonderpreis für die sichtbarste persönliche Entwicklung vergeben.</p>
<p>Ausgezeichnet wurden: (von links nach rechts)</p>
<p>Anna Strohschein<br />
Ben Klapetz<br />
Alina Krause (Jahrgangsbeste mit einem Durchschnitt von 1,0)<br />
Mara Najasek<br />
Hannes Gast</p>
<p><img loading="lazy" decoding="async" class="alignnone size-medium wp-image-104653" src="https://ggwsf.org/wordpress/wp-content/uploads/2025/08/IMG_8976-300x225.jpeg" alt="" width="300" height="225" srcset="https://ggwsf.org/wordpress/wp-content/uploads/2025/08/IMG_8976-300x225.jpeg 300w, https://ggwsf.org/wordpress/wp-content/uploads/2025/08/IMG_8976-768x576.jpeg 768w, https://ggwsf.org/wordpress/wp-content/uploads/2025/08/IMG_8976.jpeg 818w" sizes="auto, (max-width: 300px) 100vw, 300px" /></p>
<p>Den Sonderpreis erhielt Yannick Schmidt</p>
<p><img loading="lazy" decoding="async" class="alignnone size-medium wp-image-104654" src="https://ggwsf.org/wordpress/wp-content/uploads/2025/08/IMG_8977-300x225.jpeg" alt="" width="300" height="225" srcset="https://ggwsf.org/wordpress/wp-content/uploads/2025/08/IMG_8977-300x225.jpeg 300w, https://ggwsf.org/wordpress/wp-content/uploads/2025/08/IMG_8977-768x575.jpeg 768w, https://ggwsf.org/wordpress/wp-content/uploads/2025/08/IMG_8977.jpeg 812w" sizes="auto, (max-width: 300px) 100vw, 300px" /></p>
<p>&nbsp;</p>
<p>Der Verein konnte im Schuljahr 2023/24 folgende Projekte und Aktivitäten unterstützen oder Auszeichnungen vornehmen:</p>
<p><img loading="lazy" decoding="async" class="wp-image-104521 size-thumbnail alignright" src="https://ggwsf.org/wordpress/wp-content/uploads/2024/09/IMG_8835-150x150.jpeg" alt="" width="150" height="150" />-den Sponsorenlauf, welcher durch den Schülerrat organisiert wurde und beachtenswerte 15.000 Euro einbrachte</p>
<p>&nbsp;</p>
<p>&nbsp;</p>
<p><img loading="lazy" decoding="async" class="wp-image-104522 size-thumbnail alignright" src="https://ggwsf.org/wordpress/wp-content/uploads/2024/09/IMG_8833-150x150.jpeg" alt="" width="150" height="150" srcset="https://ggwsf.org/wordpress/wp-content/uploads/2024/09/IMG_8833-150x150.jpeg 150w, https://ggwsf.org/wordpress/wp-content/uploads/2024/09/IMG_8833-300x300.jpeg 300w, https://ggwsf.org/wordpress/wp-content/uploads/2024/09/IMG_8833-1024x1024.jpeg 1024w, https://ggwsf.org/wordpress/wp-content/uploads/2024/09/IMG_8833-768x768.jpeg 768w, https://ggwsf.org/wordpress/wp-content/uploads/2024/09/IMG_8833-1536x1536.jpeg 1536w, https://ggwsf.org/wordpress/wp-content/uploads/2024/09/IMG_8833.jpeg 2048w" sizes="auto, (max-width: 150px) 100vw, 150px" />&#8211; die Weihnachtsvorlesung Chemie der Chemie AG mit 1500 Euro zur  Anschaffung und Befüllung eines Tanks mit flüssigem Stickstoff</p>
<p>&nbsp;</p>
<p>&nbsp;</p>
<p><img loading="lazy" decoding="async" class="wp-image-104523 size-thumbnail alignright" src="https://ggwsf.org/wordpress/wp-content/uploads/2024/09/IMG_8834-150x150.jpeg" alt="" width="150" height="150" srcset="https://ggwsf.org/wordpress/wp-content/uploads/2024/09/IMG_8834-150x150.jpeg 150w, https://ggwsf.org/wordpress/wp-content/uploads/2024/09/IMG_8834-300x300.jpeg 300w, https://ggwsf.org/wordpress/wp-content/uploads/2024/09/IMG_8834-1024x1024.jpeg 1024w, https://ggwsf.org/wordpress/wp-content/uploads/2024/09/IMG_8834-768x768.jpeg 768w, https://ggwsf.org/wordpress/wp-content/uploads/2024/09/IMG_8834-1536x1536.jpeg 1536w, https://ggwsf.org/wordpress/wp-content/uploads/2024/09/IMG_8834.jpeg 2048w" sizes="auto, (max-width: 150px) 100vw, 150px" />&#8211; die Teilnahme der Schüler beim Bundesfinale „Jugend trainiert für Olympia“ in der Sportart Floorball im Umfang von 2736 Euro</p>
<p>&nbsp;</p>
<p>&nbsp;</p>
<p>&#8211; die Auszeichnung von fünf Abiturienten mit einem Abiturdurchschnitt von 1,0 sowie eine Schülerin mit einem Abiturdurchschnitt von 1,1 mit je 50€ und die Auszeichnung von zwei Schülern für hervorragendes soziales Engagement während der Schulzeit mit zwei Sonderpreisen mit je 100€</p>
<p>&#8211;<span data-teams="true">Stolz präsentieren sich die Mitglieder der Rhythmusgruppe des Goethegymnasiums unter Leitung von Edwina Teichert in ihren neuen Jacken, deren Anschaffung durch den Förderverein finanziell unterstützt wurde. (März 2025)</span></p>
<p><img loading="lazy" decoding="async" class="alignnone size-medium wp-image-104632" src="https://ggwsf.org/wordpress/wp-content/uploads/2025/05/Rhythmusgruppe-300x154.jpg" alt="" width="300" height="154" srcset="https://ggwsf.org/wordpress/wp-content/uploads/2025/05/Rhythmusgruppe-300x154.jpg 300w, https://ggwsf.org/wordpress/wp-content/uploads/2025/05/Rhythmusgruppe-1024x527.jpg 1024w, https://ggwsf.org/wordpress/wp-content/uploads/2025/05/Rhythmusgruppe-768x395.jpg 768w, https://ggwsf.org/wordpress/wp-content/uploads/2025/05/Rhythmusgruppe-1536x791.jpg 1536w, https://ggwsf.org/wordpress/wp-content/uploads/2025/05/Rhythmusgruppe.jpg 2048w" sizes="auto, (max-width: 300px) 100vw, 300px" /></p>
<p>Im aktuellen Schuljahr freuen wir uns auf das Musical im Frühjahr 2025 sowie auf weitere spannende Projekte und Arbeitsgemeinschaften der Schüler und Lehrer, die wir gerne wieder unterstützen möchten.</p>
<p>Wir bedanken uns bei unseren Mitgliedern für die regelmäßigen Beitragszahlungen und Spenden, ohne die diese Förderung gar nicht möglich wäre. Wir danken auch dem Schülerrat für den ständigen Austausch, die Ideenfindung und die Umsetzung der Projekte.  Unser Dank gilt besonders auch dem Kollegium und der Schulleitung, die den Schülerrat unterstützten und die Durchführung so möglich machten.</p>
<p>Der Vereinsvorstand</p>
<p><a href="https://ggwsf.org/wordpress/wp-content/uploads/2023/12/Foerderantrag-FdGGWSF-1.pdf">Förderantrag FdGGWSF 1</a></p>
<p><a href="https://ggwsf.org/wordpress/wp-content/uploads/2026/01/Beitrittsformular.pdf">Antrag_Verein_neu</a></p>
<p><a href="https://ggwsf.org/wordpress/wp-content/uploads/2026/01/Vereinssatzung-Version-202402.pdf">Vereinssatzung 2024</a></p>

<p>Liebe Vereinsmitglieder und Freunde des Goethegymnasiums &nbsp; Aktuelle Informationen – Stand Januar 2026 „Freunde des Goethegymnasiums e.V.“ Der Förderverein des Goethegymnasiums blickt auf ein ereignisreiches Jahr 2025 zurück. An dieser Stelle ist bereits davon berichtet worden, welche Projekte und welche Schülerinnen und Schüler unterstützt wurden. Im Herbst des Jahres stand aber die Umsetzung eines besonders &hellip; <a href="https://ggwsf.org/wordpress/foerderverein/" class="more-link"><span class="screen-reader-text">Förderverein</span> weiterlesen <span class="meta-nav">&rarr;</span></a></p>
