{"id":104578,"date":"2024-10-24T09:14:53","date_gmt":"2024-10-24T07:14:53","guid":{"rendered":"https:\/\/ggwsf.org\/wordpress\/?page_id=104578"},"modified":"2024-10-28T11:42:19","modified_gmt":"2024-10-28T10:42:19","slug":"zuwendung-ikt-schule","status":"publish","type":"page","link":"https:\/\/ggwsf.org\/wordpress\/zuwendung-ikt-schule\/","title":{"rendered":"Zuwendung IKT Schule"},"content":{"rendered":"<p>Der Schultr\u00e4ger Burgenlandkreis hat am 19.07.2023 den positiven Zuwendungsbescheid aus den Richtlinien zur F\u00f6rderung des Zugangs zu Informations- und Kommunikationstechnologien an Schulen (IKT-RL) \u2013 Teilma\u00dfnahme ELER \u201eIKT zur Nutzung elektronischer Medien an den allgemeinbildenden und berufsbildenden Schulen\u201c) f\u00fcr das Goethegymnasium Wei\u00dfenfels erhalten.<\/p>\n<p><b>Vorhaben:<\/b><\/p>\n<p>Mit der Umsetzung des F\u00f6rderprogramms sollen Vorhaben zur Schaffung, Erweiterung und Modernisierung der informations- und kommunikationstechnischen Grundstrukturen f\u00fcr die Anwendung elektronischer Medien in allgemeinbildenden und berufsbildenden Schulen kommunaler und freier Tr\u00e4ger von anerkannten Ersatzschulen im Land Sachsen-Anhalt gef\u00f6rdert werden.<\/p>\n<p>Dies beinhaltet hier die Ausstattung mit einheitlichen, standardisierten Vernetzungs- und Infrastrukturkomponenten sowie Multimedia-Pr\u00e4sentationsger\u00e4ten einschlie\u00dflich Installation. Die Ausstattung mit Hard- und Softwarel\u00f6sungen dient der elektronischen Herstellung, Be- und Verarbeitung und zur Distribution digitaler Medien, Dokumente und Informationen \u00fcber lokale Netzwerke mit Internetanbindung innerhalb des Bewilligungszeitraumes.<\/p>\n<p><b>Zeitraum: 19.07.2023 \u2013 31.12.2024<\/b><\/p>\n<p><b>Die bewilligte Zuwendung im Detail:<\/b><\/p>\n<table width=300 border=1>\n<tr>\n<th>Einrichtung<\/th>\n<th>gew\u00e4hrte F\u00f6rderung<\/th>\n<\/tr>\n<tr>\n<td>Goethegymnasium Wei\u00dfenfels<\/td>\n<td>31.892,53 \u20ac<\/td>\n<\/tr>\n<\/table>\n<p><a href=\"https:\/\/ggwsf.org\/wordpress\/wp-content\/uploads\/2024\/09\/ELER_4c_print.jpg\"><img loading=\"lazy\" decoding=\"async\" src=\"https:\/\/ggwsf.org\/wordpress\/wp-content\/uploads\/2024\/09\/ELER_4c_print.jpg\" alt=\"\" width=\"1691\" height=\"248\" class=\"alignleft size-full wp-image-104553\" srcset=\"https:\/\/ggwsf.org\/wordpress\/wp-content\/uploads\/2024\/09\/ELER_4c_print.jpg 1691w, https:\/\/ggwsf.org\/wordpress\/wp-content\/uploads\/2024\/09\/ELER_4c_print-300x44.jpg 300w, https:\/\/ggwsf.org\/wordpress\/wp-content\/uploads\/2024\/09\/ELER_4c_print-1024x150.jpg 1024w, https:\/\/ggwsf.org\/wordpress\/wp-content\/uploads\/2024\/09\/ELER_4c_print-768x113.jpg 768w, https:\/\/ggwsf.org\/wordpress\/wp-content\/uploads\/2024\/09\/ELER_4c_print-1536x225.jpg 1536w\" sizes=\"auto, (max-width: 1691px) 100vw, 1691px\" \/><\/a><\/p>\n<p>Weiterf\u00fchrende Information erhalten Sie auf folgenden Internetauftritten:<\/p>\n<p><a href=\"http:\/\/ec.europa.eu\/agriculture\/rural-development-2014-2020.index.de.htm\" rel=\"noopener\" target=\"_blank\">http:\/\/ec.europa.eu\/agriculture\/rural-development-2014-2020.index.de.htm<\/a><\/p>\n<p><a href=\"http:\/\/enrd.ec.europa.eu\/de\/policy-in-action\/cap-towards-2020\/rpd-programming-2014-2020\" rel=\"noopener\" target=\"_blank\">http:\/\/enrd.ec.europa.eu\/de\/policy-in-action\/cap-towards-2020\/rpd-programming-2014-2020<\/a><\/p>\n<p><a href=\"https:\/\/europa.sachsen-anhalt.de\" rel=\"noopener\" target=\"_blank\">https:\/\/europa.sachsen-anhalt.de<\/a><\/p>\n","protected":false},"excerpt":{"rendered":"<p>Der Schultr\u00e4ger Burgenlandkreis hat am 19.07.2023 den positiven Zuwendungsbescheid aus den Richtlinien zur F\u00f6rderung des Zugangs zu Informations- und Kommunikationstechnologien an Schulen (IKT-RL) \u2013 Teilma\u00dfnahme ELER \u201eIKT zur Nutzung elektronischer Medien an den allgemeinbildenden und berufsbildenden Schulen\u201c) f\u00fcr das Goethegymnasium Wei\u00dfenfels erhalten. Vorhaben: Mit der Umsetzung des F\u00f6rderprogramms sollen Vorhaben zur Schaffung, Erweiterung und Modernisierung &hellip; <a href=\"https:\/\/ggwsf.org\/wordpress\/zuwendung-ikt-schule\/\" class=\"more-link\"><span class=\"screen-reader-text\">Zuwendung IKT Schule<\/span> weiterlesen <span class=\"meta-nav\">&rarr;<\/span><\/a><\/p>\n","protected":false},"author":1,"featured_media":0,"parent":0,"menu_order":0,"comment_status":"closed","ping_status":"closed","template":"","meta":{"footnotes":""},"class_list":["post-104578","page","type-page","status-publish","hentry"],"_links":{"self":[{"href":"https:\/\/ggwsf.org\/wordpress\/wp-json\/wp\/v2\/pages\/104578","targetHints":{"allow":["GET"]}}],"collection":[{"href":"https:\/\/ggwsf.org\/wordpress\/wp-json\/wp\/v2\/pages"}],"about":[{"href":"https:\/\/ggwsf.org\/wordpress\/wp-json\/wp\/v2\/types\/page"}],"author":[{"embeddable":true,"href":"https:\/\/ggwsf.org\/wordpress\/wp-json\/wp\/v2\/users\/1"}],"replies":[{"embeddable":true,"href":"https:\/\/ggwsf.org\/wordpress\/wp-json\/wp\/v2\/comments?post=104578"}],"version-history":[{"count":3,"href":"https:\/\/ggwsf.org\/wordpress\/wp-json\/wp\/v2\/pages\/104578\/revisions"}],"predecessor-version":[{"id":104581,"href":"https:\/\/ggwsf.org\/wordpress\/wp-json\/wp\/v2\/pages\/104578\/revisions\/104581"}],"wp:attachment":[{"href":"https:\/\/ggwsf.org\/wordpress\/wp-json\/wp\/v2\/media?parent=104578"}],"curies":[{"name":"wp","href":"https:\/\/api.w.org\/{rel}","templated":true}]}}