{"id":105,"date":"2019-03-15T13:42:55","date_gmt":"2019-03-15T12:42:55","guid":{"rendered":"http:\/\/wordpress.kladih.de\/wordpress\/?page_id=105"},"modified":"2019-03-15T13:42:55","modified_gmt":"2019-03-15T12:42:55","slug":"zur-geschichte-des-gymnasiums","status":"publish","type":"page","link":"https:\/\/ggwsf.org\/wordpress\/zur-geschichte-des-gymnasiums\/","title":{"rendered":"Zur Geschichte des Gymnasiums"},"content":{"rendered":"<p>Das Goethegymnasium kann auf eine traditionsreiche Geschichte zur\u00fcckblicken:<\/p>\n<style>\n.ZT {clear: left; padding: 5px 0; border-top: 1px dashed gray; max-width: 621px;}\n.Z {float: left; width: 200px; padding: 2px 5px;}\n.T {float: left; width: 400px; padding: 2px 5px;}\n<\/style>\n<p><span class=\"Z\"><strong>Zeitraum<\/strong><\/span><span class=\"T\"><strong>Schultyp<\/strong><\/span><\/p>\n<p class=\"ZT\"><span class=\"Z\">1664 &#8211; 1784<\/span><span class=\"T\">Gymnasium illustre Augusteum<br \/>\n H\u00f6here Privatschule f\u00fcr Knaben<\/span><\/p>\n<p class=\"ZT\"><span class=\"Z\">1815 &#8211; 1909<\/span><span class=\"T\">St\u00e4dtische Oberrealschule mit Reformrealgymnasium<\/span><\/p>\n<p class=\"ZT\"><span class=\"Z\">1861 &#8211; 1869<\/span><span class=\"T\">St\u00e4dtische h\u00f6here B\u00fcrgerschule<\/span><\/p>\n<p class=\"ZT\"><span class=\"Z\">1869 &#8211; 1878<\/span><span class=\"T\">St\u00e4dtische Oberschule <\/span><\/p>\n<p class=\"ZT\"><span class=\"Z\">1938 &#8211; 1948<\/span><span class=\"T\">St\u00e4dtische Oberschule f\u00fcr Jungen<\/span><\/p>\n<p class=\"ZT\"><span class=\"Z\">1948 &#8211; 1949<\/span><span class=\"T\">Deutsche Einheitsschule<br \/>\n Oberschule f\u00fcr Jungen und M\u00e4dchen<\/span><\/p>\n<p class=\"ZT\"><span class=\"Z\">1950 &#8211; 1991<\/span><span class=\"T\">Goethe-Oberschule (Erweiterte Oberschule)<\/span><\/p>\n<p class=\"ZT\"><span class=\"Z\">seit 1991<\/span><span class=\"T\">Goethe-Gymnasium <\/span><\/p>\n<p class=\"ZT\"><span class=\"Z\">2001<\/span><span class=\"T\">Augustus-Gymnasium wird zum<br \/>\n 3.Geb\u00e4ude des Goethe-Gymnasiums <\/span><\/p>\n<p class=\"ZT\"><span class=\"Z\">2007<\/span><span class=\"T\">Schlie\u00dfung von Haus 3 <\/span><\/p>\n<p class=\"ZT\">\n","protected":false},"excerpt":{"rendered":"<p>Das Goethegymnasium kann auf eine traditionsreiche Geschichte zur\u00fcckblicken: ZeitraumSchultyp 1664 &#8211; 1784Gymnasium illustre Augusteum H\u00f6here Privatschule f\u00fcr Knaben 1815 &#8211; 1909St\u00e4dtische Oberrealschule mit Reformrealgymnasium 1861 &#8211; 1869St\u00e4dtische h\u00f6here B\u00fcrgerschule 1869 &#8211; 1878St\u00e4dtische Oberschule 1938 &#8211; 1948St\u00e4dtische Oberschule f\u00fcr Jungen 1948 &#8211; 1949Deutsche Einheitsschule Oberschule f\u00fcr Jungen und M\u00e4dchen 1950 &#8211; 1991Goethe-Oberschule (Erweiterte Oberschule) seit 1991Goethe-Gymnasium &hellip; <a href=\"https:\/\/ggwsf.org\/wordpress\/zur-geschichte-des-gymnasiums\/\" class=\"more-link\"><span class=\"screen-reader-text\">Zur Geschichte des Gymnasiums<\/span> weiterlesen <span class=\"meta-nav\">&rarr;<\/span><\/a><\/p>\n","protected":false},"author":1,"featured_media":0,"parent":0,"menu_order":0,"comment_status":"closed","ping_status":"closed","template":"","meta":{"footnotes":""},"class_list":["post-105","page","type-page","status-publish","hentry"],"_links":{"self":[{"href":"https:\/\/ggwsf.org\/wordpress\/wp-json\/wp\/v2\/pages\/105","targetHints":{"allow":["GET"]}}],"collection":[{"href":"https:\/\/ggwsf.org\/wordpress\/wp-json\/wp\/v2\/pages"}],"about":[{"href":"https:\/\/ggwsf.org\/wordpress\/wp-json\/wp\/v2\/types\/page"}],"author":[{"embeddable":true,"href":"https:\/\/ggwsf.org\/wordpress\/wp-json\/wp\/v2\/users\/1"}],"replies":[{"embeddable":true,"href":"https:\/\/ggwsf.org\/wordpress\/wp-json\/wp\/v2\/comments?post=105"}],"version-history":[{"count":0,"href":"https:\/\/ggwsf.org\/wordpress\/wp-json\/wp\/v2\/pages\/105\/revisions"}],"wp:attachment":[{"href":"https:\/\/ggwsf.org\/wordpress\/wp-json\/wp\/v2\/media?parent=105"}],"curies":[{"name":"wp","href":"https:\/\/api.w.org\/{rel}","templated":true}]}}