{"id":154,"date":"2019-03-15T20:16:30","date_gmt":"2019-03-15T19:16:30","guid":{"rendered":"http:\/\/wordpress.kladih.de\/wordpress\/?page_id=154"},"modified":"2025-08-06T13:03:18","modified_gmt":"2025-08-06T11:03:18","slug":"sirius","status":"publish","type":"page","link":"https:\/\/ggwsf.org\/wordpress\/sirius\/","title":{"rendered":"Sirius"},"content":{"rendered":"<p>W\u00e4hrend der Projektwoche 2009 entstand die Idee, am Goethegymnasium Wei\u00dfenfels einen Preis an Sch\u00fcler f\u00fcr besondere, herausragende Leistungen zu vergeben.<\/p>\n<p>Der <strong><em>&#8220;Sirius &#8211; heller Stern f\u00fcr helle K\u00f6pfe&#8221;\u00a0<\/em><\/strong> ist ein Glaspokal und konnte im Schuljahr 2009\/10 erstmals an 8 Sch\u00fcler vergeben werden.<\/p>\n<style>\n.ptdj { padding: 5px; max-width: 300px;  min-width: 150px; float: left; font-size:0.9em;}<br \/>\n.stop {clear: left;}<br \/>\n<\/style>\n<div class=\"ptdj\"><strong>Preistr\u00e4ger 2009\/10:<\/strong><\/p>\n<ul>\n<li>David Stein &#8211; Klasse 9 Preistr\u00e4ger der Bundesolympiade Mathematik<\/li>\n<li>Julia Zeng und Lena Schweigert &#8211; Projekt Harry Potter im Zauberall<\/li>\n<li>die Abiturienten Sophia Loth (Organisation) und Jana Reischke (\u00d8 1,1)<\/li>\n<li>die Abiturienten-Theatergruppe\n<ul>\n<li>Julia Zeng, Lena Sc<\/li>\n<li>Regine Wiegand (\u00d8 1,1),<\/li>\n<li>Lisa Freise,<\/li>\n<li>Alexander Kr\u00fcger,<\/li>\n<li>Martin Wimmer (Autor),<\/li>\n<li>Shuyi Wenig<\/li>\n<\/ul>\n<\/li>\n<\/ul>\n<\/div>\n<div class=\"ptdj\"><strong>Preistr\u00e4ger 2010\/11:<\/strong><\/p>\n<ul>\n<li>David Stein (10.Klasse &#8211; Matheolympiade)<\/li>\n<li>die Abiturienten\n<ul>\n<li>Jasmin Bach<\/li>\n<li>Melanie Hanzig<\/li>\n<\/ul>\n<\/li>\n<\/ul>\n<\/div>\n<div class=\"ptdj\"><strong>Preistr\u00e4ger 2011\/12:<\/strong><\/div>\n<ul>\n<li>Nathalie Steinert (8.KLasse &#8211; Matheolympiade)<\/li>\n<li>David Stein (11. Klasse &#8211; Mathe- und Physikolympiaden)<\/li>\n<li>die Abiturienten:\n<ul>\n<li>Ulrike Wiegand,<\/li>\n<li>Kristin Krehahn,<\/li>\n<li>Josefine Jagla,<\/li>\n<li>Marie-Kristin Wenzel<\/li>\n<\/ul>\n<\/li>\n<\/ul>\n<div class=\"ptdj\"><strong>Preistr\u00e4ger 2012\/13:<\/strong><\/p>\n<ul>\n<li>David Stein (Abiturient 1,1)<\/li>\n<li>Paul Andr\u00e4 (Abiturient 1,0)<\/li>\n<li>Mathias Fekl (Abiturient &#8211; soziales+ kulturelles Engagement)<\/li>\n<li>Wengelawit Misikire (Klasse 11 &#8211; Jugend debattiert)<\/li>\n<li>Niklas Steinert (Klasse 9 &#8211; Matheolympiade)<\/li>\n<li>Stefanie M\u00fcller (Klasse 6 &#8211; Big Challenge)<\/li>\n<\/ul>\n<\/div>\n<div class=\"ptdj\"><strong>Preistr\u00e4ger2013\/14:<\/strong><\/div>\n<ul>\n<li>Wengelawit Misikire (Abiturient &#8211; Bundeswettbewerb &#8220;Jugend debattiert &#8220;\/ &#8220;Jugend forscht&#8221;)<\/li>\n<li>Alexander Schmidt ( Abiturient 1,0)<\/li>\n<li>Luise Dose (Klasse 9 &#8211; Jugend debattiert)<\/li>\n<\/ul>\n<div class=\"ptdj\"><strong>Preistr\u00e4ger 2014\/15:<\/strong><\/p>\n<ul>\n<li>Sascha Rittig (Abiturient 1,0 \/ Kultur)<\/li>\n<li>Henrike Puschmann (Abiturient 1,0)<\/li>\n<li>Lucas Meyer (Abiturient 1,0)<\/li>\n<li>Emily Harbig (Abiturient &#8211; Kultur)<\/li>\n<li>Marcel Weigelt (Abiturient &#8211; Kultur)<\/li>\n<li>Lukas Lindig (Abiturient &#8211; Kultur)<\/li>\n<li>Lena Vogt (Klasse 10 &#8211; Sport, Kultur)<\/li>\n<\/ul>\n<\/div>\n<p class=\"stop\">\n","protected":false},"excerpt":{"rendered":"<p>W\u00e4hrend der Projektwoche 2009 entstand die Idee, am Goethegymnasium Wei\u00dfenfels einen Preis an Sch\u00fcler f\u00fcr besondere, herausragende Leistungen zu vergeben. Der &#8220;Sirius &#8211; heller Stern f\u00fcr helle K\u00f6pfe&#8221;\u00a0 ist ein Glaspokal und konnte im Schuljahr 2009\/10 erstmals an 8 Sch\u00fcler vergeben werden. Preistr\u00e4ger 2009\/10: David Stein &#8211; Klasse 9 Preistr\u00e4ger der Bundesolympiade Mathematik Julia Zeng &hellip; <a href=\"https:\/\/ggwsf.org\/wordpress\/sirius\/\" class=\"more-link\"><span class=\"screen-reader-text\">Sirius<\/span> weiterlesen <span class=\"meta-nav\">&rarr;<\/span><\/a><\/p>\n","protected":false},"author":1,"featured_media":0,"parent":0,"menu_order":0,"comment_status":"closed","ping_status":"closed","template":"","meta":{"footnotes":""},"class_list":["post-154","page","type-page","status-publish","hentry"],"_links":{"self":[{"href":"https:\/\/ggwsf.org\/wordpress\/wp-json\/wp\/v2\/pages\/154","targetHints":{"allow":["GET"]}}],"collection":[{"href":"https:\/\/ggwsf.org\/wordpress\/wp-json\/wp\/v2\/pages"}],"about":[{"href":"https:\/\/ggwsf.org\/wordpress\/wp-json\/wp\/v2\/types\/page"}],"author":[{"embeddable":true,"href":"https:\/\/ggwsf.org\/wordpress\/wp-json\/wp\/v2\/users\/1"}],"replies":[{"embeddable":true,"href":"https:\/\/ggwsf.org\/wordpress\/wp-json\/wp\/v2\/comments?post=154"}],"version-history":[{"count":2,"href":"https:\/\/ggwsf.org\/wordpress\/wp-json\/wp\/v2\/pages\/154\/revisions"}],"predecessor-version":[{"id":104656,"href":"https:\/\/ggwsf.org\/wordpress\/wp-json\/wp\/v2\/pages\/154\/revisions\/104656"}],"wp:attachment":[{"href":"https:\/\/ggwsf.org\/wordpress\/wp-json\/wp\/v2\/media?parent=154"}],"curies":[{"name":"wp","href":"https:\/\/api.w.org\/{rel}","templated":true}]}}