{"id":195,"date":"2019-03-15T23:44:35","date_gmt":"2019-03-15T22:44:35","guid":{"rendered":"http:\/\/wordpress.kladih.de\/wordpress\/?page_id=195"},"modified":"2023-12-04T12:33:14","modified_gmt":"2023-12-04T11:33:14","slug":"195-2","status":"publish","type":"page","link":"https:\/\/ggwsf.org\/wordpress\/195-2\/","title":{"rendered":"Sch\u00fclerrat"},"content":{"rendered":"<p>Mit dem Sch\u00fclerrat haben die Sch\u00fcler am Gymnasium eine M\u00f6glichkeit aktiv an der Gestaltung der Schule teilzunehmen.<br \/>\nAn seiner Spitze steht der Sch\u00fclerratssprecher, sein\/e VertreterIn und die Teilnehmer an der Gesamtkonferenz.<br \/>\nIn der Gesamtkonferenz werden Angelegenheiten beschlossen, welche f\u00fcr die Schule oftmals von gro\u00dfer Bedeutung sind. Der Sch\u00fclerrat hat hierbei einen Sitzeanteil von 25 Prozent.<\/p>\n<p><em>Gew\u00e4hlt wurden f\u00fcr das Schuljahr 2023\/24 als:<\/em><\/p>\n<style>\n.sr  * { margin: 0; padding: 0; min-width:360px;}<br \/>\n.sr strong {display: block; margin: 20px 0 5px 0;}<br \/>\n.sr ul {margin: 0 0 0 35px;}<br \/>\n.sr div {float: left; width:45%; min-width: 250px; padding: 0 0 0 15px;}<br \/>\n<\/style>\n<div class=\"sr\">\n<div>\n<p><strong>Sch\u00fclerratssprecher:<\/strong><\/p>\n<ul>\n<li>Jannis Rausch 11\/1<\/li>\n<\/ul>\n<\/div>\n<div>\n<p>&nbsp;<\/p>\n<p><strong>Stellvertreter:<\/strong><\/p>\n<ul>\n<li>Niclas Sommerfeld 12\/1<\/li>\n<li>Thora Weidner 10c<\/li>\n<li>Pauline G\u00f6hler 11\/2<\/li>\n<\/ul>\n<\/div>\n<p><!--\n\n\n<div>\n\n<strong>Delegierter f\u00fcr den Kreissch\u00fclerrat\ndes Landkreises Wei\u00dfenfels:<\/strong>\n\n\n<ul>\n \t\n\n<li>Viktoria Tschapka 11b<\/li>\n\n\n<\/ul>\n\n\n<\/div>\n\n\n--><\/p>\n<div>\n<p>&nbsp;<\/p>\n<p><strong>Teilnehmer an der Gesamtkonferenz:<\/strong><\/p>\n<ul>\n<li>Jannis Rausch 111\/1<\/li>\n<li>Niclas Sommerfeld 12\/1<\/li>\n<li>Thora Weidner 10c<\/li>\n<li>Pauline G\u00f6hler 11\/2<\/li>\n<li>Finjas Franke 10a<\/li>\n<li>Klara Apel 12\/1<\/li>\n<li>Greta Scheunpflug 10a<\/li>\n<li>Louis Zahn 6b<\/li>\n<\/ul>\n<p>&nbsp;<\/p>\n<p><strong>Vertreter:<\/strong><\/p>\n<ul>\n<li>Mara Najasek 11\/2<\/li>\n<li>Henriette Apel 12\/2<\/li>\n<li>Benjamin Ahlers 11\/3<\/li>\n<\/ul>\n<\/div>\n<div>\n<p>&nbsp;<\/p>\n<p><strong>Vertreter f\u00fcr die Fachkonferenzen:<\/strong><\/p>\n<ul>\n<li>Ethik: Liza Kund (7d)<\/li>\n<li>Geschichte: Heinrich Leschek (9d)<\/li>\n<li>Sport: Kenai Hahn (10c)<\/li>\n<li>Geografie: Michael Bumann (5c)<\/li>\n<li>Englisch: Colin Pflugmacher (9a)<\/li>\n<li>Musik: Thora Weidner (10a)<\/li>\n<li>Kunst: Louis Zahn (6b)<\/li>\n<li>Sozialkunde Jannis Rausch (11\/1)<\/li>\n<li>Mathe: Greta Scheunpflug (10a)<\/li>\n<li>Chemie: Finjas Franke (10a)<\/li>\n<li>Biologie: Nick Lansmann (9c)<\/li>\n<li>Physik: Thadd\u00e4us Meyer (7b)<\/li>\n<li>Deutsch: Charlotta B\u00f6hme 11\/1))<\/li>\n<li>Russisch: Heinrich Lescheck (9d)<\/li>\n<li>Franz\u00f6sisch: Emily Korn (10d)<\/li>\n<li>Spanisch: Pauline G\u00f6hler (11\/1)<\/li>\n<li>Religion: Alexandra Stede (9d)<\/li>\n<li>Wirtschaft: Mara Najasek (11\/2)<\/li>\n<li>Psychologie: Benjamin Ahlers (11\/3)<\/li>\n<\/ul>\n<\/div>\n<\/div>\n<p>&nbsp;<\/p>\n<p>Instagram: @ggwsfschuelerrat<br \/>\ne-Mail: ggwsf.schuelerrat@gmail.com<\/p>\n","protected":false},"excerpt":{"rendered":"<p>Mit dem Sch\u00fclerrat haben die Sch\u00fcler am Gymnasium eine M\u00f6glichkeit aktiv an der Gestaltung der Schule teilzunehmen. An seiner Spitze steht der Sch\u00fclerratssprecher, sein\/e VertreterIn und die Teilnehmer an der Gesamtkonferenz. In der Gesamtkonferenz werden Angelegenheiten beschlossen, welche f\u00fcr die Schule oftmals von gro\u00dfer Bedeutung sind. Der Sch\u00fclerrat hat hierbei einen Sitzeanteil von 25 Prozent. &hellip; <a href=\"https:\/\/ggwsf.org\/wordpress\/195-2\/\" class=\"more-link\"><span class=\"screen-reader-text\">Sch\u00fclerrat<\/span> weiterlesen <span class=\"meta-nav\">&rarr;<\/span><\/a><\/p>\n","protected":false},"author":1,"featured_media":0,"parent":0,"menu_order":0,"comment_status":"closed","ping_status":"closed","template":"","meta":{"footnotes":""},"class_list":["post-195","page","type-page","status-publish","hentry"],"_links":{"self":[{"href":"https:\/\/ggwsf.org\/wordpress\/wp-json\/wp\/v2\/pages\/195","targetHints":{"allow":["GET"]}}],"collection":[{"href":"https:\/\/ggwsf.org\/wordpress\/wp-json\/wp\/v2\/pages"}],"about":[{"href":"https:\/\/ggwsf.org\/wordpress\/wp-json\/wp\/v2\/types\/page"}],"author":[{"embeddable":true,"href":"https:\/\/ggwsf.org\/wordpress\/wp-json\/wp\/v2\/users\/1"}],"replies":[{"embeddable":true,"href":"https:\/\/ggwsf.org\/wordpress\/wp-json\/wp\/v2\/comments?post=195"}],"version-history":[{"count":15,"href":"https:\/\/ggwsf.org\/wordpress\/wp-json\/wp\/v2\/pages\/195\/revisions"}],"predecessor-version":[{"id":104409,"href":"https:\/\/ggwsf.org\/wordpress\/wp-json\/wp\/v2\/pages\/195\/revisions\/104409"}],"wp:attachment":[{"href":"https:\/\/ggwsf.org\/wordpress\/wp-json\/wp\/v2\/media?parent=195"}],"curies":[{"name":"wp","href":"https:\/\/api.w.org\/{rel}","templated":true}]}}

Schülerrat

<p>Mit dem Schülerrat haben die Schüler am Gymnasium eine Möglichkeit aktiv an der Gestaltung der Schule teilzunehmen.<br />
An seiner Spitze steht der Schülerratssprecher, sein/e VertreterIn und die Teilnehmer an der Gesamtkonferenz.<br />
In der Gesamtkonferenz werden Angelegenheiten beschlossen, welche für die Schule oftmals von großer Bedeutung sind. Der Schülerrat hat hierbei einen Sitzeanteil von 25 Prozent.</p>
<p><em>Gewählt wurden für das Schuljahr 2023/24 als:</em></p>
<style>
.sr  * { margin: 0; padding: 0; min-width:360px;}<br />
.sr strong {display: block; margin: 20px 0 5px 0;}<br />
.sr ul {margin: 0 0 0 35px;}<br />
.sr div {float: left; width:45%; min-width: 250px; padding: 0 0 0 15px;}<br />
</style>
<div class="sr">
<div>
<p><strong>Schülerratssprecher:</strong></p>
<ul>
<li>Jannis Rausch 11/1</li>
</ul>
</div>
<div>
<p>&nbsp;</p>
<p><strong>Stellvertreter:</strong></p>
<ul>
<li>Niclas Sommerfeld 12/1</li>
<li>Thora Weidner 10c</li>
<li>Pauline Göhler 11/2</li>
</ul>
</div>
<p><!--


<div>

<strong>Delegierter für den Kreisschülerrat
des Landkreises Weißenfels:</strong>


<ul>
 	

<li>Viktoria Tschapka 11b</li>


</ul>


</div>


--></p>
<div>
<p>&nbsp;</p>
<p><strong>Teilnehmer an der Gesamtkonferenz:</strong></p>
<ul>
<li>Jannis Rausch 111/1</li>
<li>Niclas Sommerfeld 12/1</li>
<li>Thora Weidner 10c</li>
<li>Pauline Göhler 11/2</li>
<li>Finjas Franke 10a</li>
<li>Klara Apel 12/1</li>
<li>Greta Scheunpflug 10a</li>
<li>Louis Zahn 6b</li>
</ul>
<p>&nbsp;</p>
<p><strong>Vertreter:</strong></p>
<ul>
<li>Mara Najasek 11/2</li>
<li>Henriette Apel 12/2</li>
<li>Benjamin Ahlers 11/3</li>
</ul>
</div>
<div>
<p>&nbsp;</p>
<p><strong>Vertreter für die Fachkonferenzen:</strong></p>
<ul>
<li>Ethik: Liza Kund (7d)</li>
<li>Geschichte: Heinrich Leschek (9d)</li>
<li>Sport: Kenai Hahn (10c)</li>
<li>Geografie: Michael Bumann (5c)</li>
<li>Englisch: Colin Pflugmacher (9a)</li>
<li>Musik: Thora Weidner (10a)</li>
<li>Kunst: Louis Zahn (6b)</li>
<li>Sozialkunde Jannis Rausch (11/1)</li>
<li>Mathe: Greta Scheunpflug (10a)</li>
<li>Chemie: Finjas Franke (10a)</li>
<li>Biologie: Nick Lansmann (9c)</li>
<li>Physik: Thaddäus Meyer (7b)</li>
<li>Deutsch: Charlotta Böhme 11/1))</li>
<li>Russisch: Heinrich Lescheck (9d)</li>
<li>Französisch: Emily Korn (10d)</li>
<li>Spanisch: Pauline Göhler (11/1)</li>
<li>Religion: Alexandra Stede (9d)</li>
<li>Wirtschaft: Mara Najasek (11/2)</li>
<li>Psychologie: Benjamin Ahlers (11/3)</li>
</ul>
</div>
</div>
<p>&nbsp;</p>
<p>Instagram: @ggwsfschuelerrat<br />
e-Mail: ggwsf.schuelerrat@gmail.com</p>

<p>Mit dem Schülerrat haben die Schüler am Gymnasium eine Möglichkeit aktiv an der Gestaltung der Schule teilzunehmen. An seiner Spitze steht der Schülerratssprecher, sein/e VertreterIn und die Teilnehmer an der Gesamtkonferenz. In der Gesamtkonferenz werden Angelegenheiten beschlossen, welche für die Schule oftmals von großer Bedeutung sind. Der Schülerrat hat hierbei einen Sitzeanteil von 25 Prozent. &hellip; <a href="https://ggwsf.org/wordpress/195-2/" class="more-link"><span class="screen-reader-text">Schülerrat</span> weiterlesen <span class="meta-nav">&rarr;</span></a></p>
